 = 2*n + 6. Let s be k(-4). Let g(x) be the third derivative of 0 - 1/6*x**3 + 2*x**2 + 0*x + 1/8*x**4. What is g(s)?
-7
Let k(t) = -76*t + 766. Let d be k(10). Let x(f) = f - 4. Give x(d).
2
Let d be (-2)/(-18)*3*-3. Let f be (-4)/6*(-2 + d). Let c(r) = 2*r**3 - r**2 + r + 1. Let t(v) = -3*v**3 + 2*v**2 - 3*v. Let n(w) = c(w) + t(w). What is n(f)?
-7
Let k(r) = -r**3 - 3*r**2 + r + 9. Let h be k(-3). Let m(t) = 13*t**2 + 12*t + 23. Let a(z) = 7*z**2 + 6*z + 12. Let y(p) = h*m(p) - 11*a(p). Calculate y(-4).
-2
Let l(b) = 7*b. Suppose 0 = 5*n + 3*v - 13, -2*v - 4 + 14 = 4*n. Calculate l(n).
14
Let d(b) = -b**3 + 14*b**2 - 19*b + 11. Let n be d(13). Let i = n - -65. Let p(x) = 3*x. Determine p(i).
-6
Let i(c) = -c**3 - 4*c**2 - 2*c - 6. Suppose 0 = -2*m - 2*m + 8. Suppose 0*l = m*l - 8. Suppose -2*t + 12 = 5*a, 10*t = 5*t - 4*a - l. Determine i(t).
2
Let k(c) = c**2 + 7*c - 24. Suppose -5*x - 7 = -22, 2*x = 4*d + 46. What is k(d)?
6
Let r(y) = y**2 - 3*y + 8. Let p = -646 + 652. Give r(p).
26
Let o(i) = 0*i**3 + 5*i**3 - 12 + 7*i + 23*i**2 + 22*i**2 - 36*i**2 - 7*i**3. Determine o(5).
-2
Let d(i) be the first derivative of i**2/2 + 6*i + 47. Let m be d(-11). Let j(h) = -h**2 - 6*h - 7. Give j(m).
-2
Let n be (-14)/2*(-4)/14. Let f(t) be the second derivative of 4*t + 0 - 1/6*t**3 + 1/2*t**n. Determine f(3).
-2
Let m(y) be the first derivative of -y**2/2 - 5*y - 4. Suppose 6 = -3*k - 12. Let b(f) = f + 6. Let c(a) = k*m(a) - 5*b(a). Calculate c(-5).
-5
Let f(c) be the second derivative of -c**3/6 + 3*c**2 - c - 95. Give f(-6).
12
Suppose -2*v + 5*r = v, -4*v = 5*r. Let z(y) = y + 9. Give z(v).
9
Suppose -4*z - 8 = -3*l, -3*z = 4*l - 0*z + 6. Let r be 2 + l/((-25)/5). Let x(d) = 23 - d - d**2 - 2*d**3 + r*d - 22. Give x(-1).
1
Let s = -1 + 0. Let d(g) be the third derivative of -4*g**5/15 - g**4/12 - g**3/6 - 538*g**2. Determine d(s).
-15
Let c = 30 + -29. Let l(a) = a + 1. Let s(g) be the third derivative of -g**4/12 - g**3/6 + g**2. Let h(n) = 3*l(n) + 2*s(n). Calculate h(c).
0
Let d(b) be the third derivative of b**4/3 + 3*b**2 - 29. Calculate d(3).
24
Let m = -3 - -9. Suppose 4*v - m*v + 4 = 0. Let z(y) = -2 - y**3 + 0*y**2 + y**2 + 7*y**2 - 5*y - y**v. Give z(6).
4
Let l(f) = -f - 1. Let r(v) = -3*v - 6. Let u(m) = 3*m + 5. Let d(k) = -2*r(k) - 3*u(k). Let n(i) = -d(i) + 4*l(i). Calculate n(-3).
2
Let x(f) = -3*f**3 - 34*f**2 + 6*f - 29. Let b(g) = g**3 + 12*g**2 - 3*g + 10. Let h(j) = 8*b(j) + 3*x(j). Suppose -z - z - 10 = 0. Calculate h(z).
-2
Let n(s) = s**2. Let w(z) be the second derivative of 5/12*z**4 + 0 + 0*z**3 + 7*z - 2*z**2. Let x(m) = -4*n(m) + w(m). What is x(-3)?
5
Let y(t) = 2*t - 1. Let h = -27 - -49. Let f = h - 26. Give y(f).
-9
Let h(o) = -o - 1. Let f = 11 - 9. Suppose 4 = -f*l + 4*l. Suppose 5*i - 2 = -u, -l*i - 5*u + 5 = -6*u. Calculate h(i).
-2
Let a(q) = 14*q - 12. Let t(f) = 12*f - 9. Let r(b) = 5*a(b) - 6*t(b). Determine r(-6).
6
Let a(v) = -5*v**3 - 9*v**2 + 12*v. Let b(d) = d**3 + d**2 - d - 1. Let k(j) = -a(j) - 6*b(j). Determine k(4).
-34
Let c(b) = -b**2 + 9*b - 5. Let m be (-448)/(-48) - 2/6. Give c(m).
-5
Let k(l) be the third derivative of -l**5/60 - 7*l**4/24 - 11*l**3/6 + 83*l**2. What is k(-8)?
-19
Let x(g) = -8*g**2. Let c(v) = -v - 1. Let h be c(-3). Let i(t) = -h*t + t - 4 + 6 + 0*t. Let q be i(3). What is x(q)?
-8
Let t = -232 + 229. Let n(i) = 2*i**3 + 3*i**2 - 3*i + 4. Determine n(t).
-14
Let b = -225 - -228. Let j(o) = -13*o + 3. What is j(b)?
-36
Let a(s) = -3*s + 3. Suppose -11 = -2*b - 43. Suppose 5 = -n + 26. Let l = b + n. Give a(l).
-12
Let k(u) = 1 - 3 - 1 - u**2 - 8*u. Let p(w) = -w**3 - 5*w**2 + 5*w - 2. Let q be p(-6). Suppose -q + 9 = -f. Calculate k(f).
12
Let f be (-50)/(-8) + (-1)/4. Let t(k) be the third derivative of -k**5/60 + 7*k**4/24 + k**3/3 + 3*k**2 + 35. What is t(f)?
8
Let a = -2 + 5. Suppose -5*l + 49 = 4*u, -43 = -5*u - 3*l + 2. Let c(y) = -4*y - 3*y - 2*y**2 + u*y + y**a - 2*y. Determine c(-2).
-10
Let s(l) = l + 1. Let d be s(0). Let a(x) = x - 3*x**2 + x + 7*x**3 + 5*x**3 + d + 5*x**2. Calculate a(-1).
-11
Let h(n) be the second derivative of n**3/6 - 5*n**2 - n. Let y(l) = l**3 - 6*l**2 - 10*l - 56. Let f be y(8). Give h(f).
-18
Suppose z + 2*a - 9 = 0, 0 = z - 0*a - a - 3. Let b(o) = 8*o + z - o**2 - 4 - 3*o + 3. Let s be (0 - 1) + 0 + 7. Determine b(s).
-2
Let q(x) be the first derivative of 2*x**2 + 102. What is q(0)?
0
Suppose c + c = -i + 3, 2*i - 5*c = -39. Let b(r) be the second derivative of -r**3/6 + 9*r**2/2 + 67*r + 3. Give b(i).
16
Let r(q) be the third derivative of q**6/120 - q**5/12 + q**4/8 + 2*q**3/3 - 4*q**2. Let c = 33 + -16. Let t = c + -14. Give r(t).
-5
Suppose -11*d - 12 = -7*d. Let j(u) = u**2 - u - 4. Determine j(d).
8
Suppose -222*c - 90 = -213*c. Let k(j) = -j**3 - 11*j**2 - 13*j + 12. What is k(c)?
42
Let c(k) = -15*k**3 + 1. Let i(g) = -g**3 + 33*g**2 + 67*g + 104. Let b be i(35). Determine c(b).
16
Let l(z) be the third derivative of -z**5/60 + z**4/6 + 2*z**3/3 + 18*z**2 + 2. Determine l(7).
-17
Let a = 570 - 561. Let c(j) = -j**3 + 7*j**2 + 19*j + 4. Calculate c(a).
13
Let p(k) = -6*k + 1. Suppose -g + 5 = 2. Suppose -m + g = -4*m. Calculate p(m).
7
Let j(r) = -2*r - 6. Suppose 9*d = 16*d - 322. Suppose 5*b = 1 - d. Give j(b).
12
Let p(t) be the second derivative of -t**3/6 - 7*t**2 + 258*t. Give p(-6).
-8
Let y(x) be the third derivative of 0*x - 1/6*x**3 - 6*x**2 - 1/6*x**4 + 0 + 1/60*x**5. Determine y(4).
-1
Suppose 2*o - 695 + 699 = 0. Let s(y) = -y**2 + 3*y + 3. Calculate s(o).
-7
Let h(w) = -2 - 7 + 4*w + 0*w**2 + w**2 + 2 + 0. Determine h(-6).
5
Let d be 3/(20/8*(-4)/(-10)). Let x(q) = -q**2 + 6*q - 3. Give x(d).
6
Let u(v) = 3*v**2 - 4*v + 5. Suppose -2*y + b = -12, y - 8*b + 4*b = 20. Determine u(y).
37
Suppose 2*r - 9 = -r. Let u be (-1)/3 + 21/9. Let p(x) = -r*x + 2*x + u*x - 2*x - 4. Determine p(0).
-4
Let g(k) = 6*k + 2. Suppose 9 = -a + 4*t, -23*a + t = -22*a. Determine g(a).
20
Let y(m) = 12*m - 6. Let n be ((-1608)/(-204) - 4) + 4/34. Give y(n).
42
Let d(q) = 2*q - 3. Suppose -5*u - 90 = -70. Let s(w) = w - 2. Let h(y) = u*d(y) + 7*s(y). What is h(-4)?
2
Let x(f) = -6 - 7*f**2 + 27*f + f**3 - 2 - 20*f. Suppose y - 8*y = -42. Determine x(y).
-2
Let d(b) = -b**2 - 9*b - 19. Let a be d(-6). Let u(x) be the second derivative of 0*x**3 + 0 - 1/10*x**5 + 0*x**2 + 1/12*x**4 - x. What is u(a)?
3
Let j(x) = 10*x**2 - 12*x + 77 - 4*x**3 + 71 + 77 - 214 + 3*x**3. Give j(9).
-16
Let w be ((-3)/2)/((-6)/4) + 3. Let o(b) = -b**2 - 5. What is o(w)?
-21
Let g(r) = r**3 + 6*r**2 + 6*r + 3. Suppose 0 = 3*d - n + 35, -4*n = -2*d - n - 14. Let z = d - 1. Let a = z - -9. Give g(a).
-2
Let o(u) = -3*u**3 - 2*u**2 + 2*u - 5. Let v(r) = r**3 - r**2 + r - 1. Let y = -27 + 28. Let a(g) = y*o(g) + 2*v(g). Calculate a(-5).
-2
Suppose -2*q = -2*l + 48, -3*q - 59 = -4*l + 34. Suppose -l + 1 = 5*t. Let k be 3/t*-4 + -1. Let n(p) = -p**2 + p + 1. Calculate n(k).
-1
Let i(t) = -t**2 - t. Let l(j) = 2*j**2 + 2*j. Let r(m) = -7*i(m) - 4*l(m). Determine r(-4).
-12
Let h(s) = s**2 - 6*s - 12. Let r(j) = -2*j**2 + 4*j + 12. Let q(t) = -3*h(t) - 2*r(t). Determine q(-9).
3
Let x(j) = j**2 + 5*j + 6. Let g be x(-5). Let y(l) = -1760*l + 6 + 5286*l - 1756*l - 1771*l. What is y(g)?
0
Let q be (-35)/(-15) + 1/(-3). Suppose q*d = 3*d - 16. Let j(t) = -d + 20 + 0*t + t. What is j(-3)?
1
Let n(v) = 2*v. Suppose 0*y - 40 = -4*y. Suppose 4 = f, -f - 4*f = 2*q + y. Let b be (4/(-3))/(10/q). Calculate n(b).
4
Let d = 244 - 244. Let o(t) be the second derivative of -1/6*t**3 - 2*t + d + 0*t**2. Calculate o(4).
-4
Let u(v) = -2*v**2 + 3*v - 2. Let k = -68 - -69. Suppose -2*r + c - k = 0, -3*r - c = c - 16. Calculate u(r).
-4
Let o = -11885 - -11885. Let r(a) be the first derivative of -a**2/2 - 16*a + 1. What is r(o)?
-16
Let i(w) be the first derivative of -w**4/4 - 2*w**3 - w**2 + 2*w + 38. What is i(-6)?
14
Let z(i) be the second derivative of -i**4/12 + 5*i**3/6 - 2*i**2 - 6*i. Suppose 0 = -l - 0*l + 3. Suppose 3*h + a = 12, -l*h - 18 = -4*h - 5*a. Determine z(h).
2
Let u(h) = 9*h + 43. Let i(y) = -5*y - 22. Let r(l) = 11*i(l) + 6*u(l). Let s = 151 + -142. Determine r(s).
7
Let a(m) = 246*m**2 - 20 - 228*m**2 + 18*m + 14*m + 20*m**3. Let i(n) = -7*n**3 - 6*n**2 - 1